t are the prime factors of 1971?
3, 73
List the prime factors of 344.
2, 43
What are the prime factors of 8358?
2, 3, 7, 199
List the prime factors of 1545.
3, 5, 103
List the prime factors of 640.
2, 5
List the prime factors of 159646.
2, 79823
List the prime factors of 2843.
2843
What are the prime factors of 811?
811
List the prime factors of 5287.
17, 311
List the prime factors of 517.
11, 47
What are the prime factors of 731?
17, 43
List the prime factors of 60.
2, 3, 5
List the prime factors of 314.
2, 157
List the prime factors of 613.
613
What are the prime factors of 567?
3, 7
List the prime factors of 14895.
3, 5, 331
List the prime factors of 24193.
13, 1861
What are the prime factors of 50981?
7, 7283
What are the prime factors of 1811?
1811
List the prime factors of 1099.
7, 157
List the prime factors of 8313.
3, 17, 163
What are the prime factors of 20214?
2, 3, 1123
List the prime factors of 8378.
2, 59, 71
What are the prime factors of 723?
3, 241
What are the prime factors of 664?
2, 83
List the prime factors of 1142.
2, 571
What are the prime factors of 4828?
2, 17, 71
List the prime factors of 24189.
3, 11, 733
What are the prime factors of 8325?
3, 5, 37
What are the prime factors of 1465?
5, 293
List the prime factors of 8748.
2, 3
List the prime factors of 1177.
11, 107
What are the prime factors of 1655?
5, 331
What are the prime factors of 3750?
2, 3, 5
List the prime factors of 12874.
2, 41, 157
List the prime factors of 481.
13, 37
List the prime factors of 116424.
2, 3, 7, 11
What are the prime factors of 152431?
313, 487
What are the prime factors of 117693?
3, 1453
What are the prime factors of 2973?
3, 991
What are the prime factors of 33836?
2, 11, 769
What are the prime factors of 49484?
2, 89, 139
List the prime factors of 487.
487
What are the prime factors of 19321?
139
What are the prime factors of 1506?
2, 3, 251
What are the prime factors of 8721?
3, 17, 19
What are the prime factors of 82772?
2, 20693
What are the prime factors of 1440?
2, 3, 5
List the prime factors of 1059.
3, 353
List the prime factors of 19298.
2, 9649
What are the prime factors of 9129?
3, 17, 179
List the prime factors of 658.
2, 7, 47
What are the prime factors of 49805?
5, 7, 1423
List the prime factors of 234.
2, 3, 13
List the prime factors of 12187.
7, 1741
What are the prime factors of 297?
3, 11
List the prime factors of 62616.
2, 3, 2609
What are the prime factors of 6241?
79
List the prime factors of 913.
11, 83
What are the prime factors of 4459?
7, 13
What are the prime factors of 29153?
29153
List the prime factors of 1519.
7, 31
What are the prime factors of 760?
2, 5, 19
List the prime factors of 44428.
2, 29, 383
List the prime factors of 3125.
5
List the prime factors of 6439.
47, 137
List the prime factors of 98855.
5, 17, 1163
List the prime factors of 5373.
3, 199
What are the prime factors of 9198?
2, 3, 7, 73
List the prime factors of 1014.
2, 3, 13
List the prime factors of 3254.
2, 1627
List the prime factors of 991.
991
List the prime factors of 173.
173
What are the prime factors of 386?
2, 193
What are the prime factors of 2580?
2, 3, 5, 43
What are the prime factors of 2038?
2, 1019
List the prime factors of 812.
2, 7, 29
What are the prime factors of 11893?
7, 1699
List the prime factors of 56476.
2, 7, 2017
What are the prime factors of 16759?
16759
What are the prime factors of 78614?
2, 23, 1709
What are the prime factors of 6138?
2, 3, 11, 31
What are the prime factors of 18789?
3, 6263
List the prime factors of 102.
2, 3, 17
What are the prime factors of 5653?
5653
What are the prime factors of 25284?
2, 3, 7, 43
What are the prime factors of 13123?
11, 1193
List the prime factors of 1963.
13, 151
What are the prime factors of 4677?
3, 1559
List the prime factors of 52490.
2, 5, 29, 181
What are the prime factors of 933?
3, 311
What are the prime factors of 8796?
2, 3, 733
What are the prime factors of 71?
71
What are the prime factors of 72928?
2, 43, 53
List the prime factors of 21666.
2, 3, 23, 157
List the prime factors of 57787.
57787
List the prime factors of 3550.
2, 5, 71
List the prime factors of 13396.
2, 17, 197
List the prime factors of 20838.
2, 3, 23, 151
What are the prime factors of 16143?
3, 5381
List the prime factors of 244.
2, 61
What are the prime factors of 146878?
2, 23, 31, 103
List the prime factors of 24230.
2, 5, 2423
List the prime factors of 50888.
2, 6361
List the prime factors of 30606.
2, 3, 5101
What are the prime factors of 2299?
11, 19
List the prime factors of 3768.
2, 3, 157
List the prime factors of 20384.
2, 7, 13
List the prime factors of 730.
2, 5, 73
What are the prime factors of 3626?
2, 7, 37
List the prime factors of 48377.
7, 6911
List the prime factors of 212.
2, 53
What are the prime factors of 90737?
31, 2927
What are the prime factors of 33992?
2, 7, 607
What are the prime factors of 62087?
47, 1321
What are the prime factors of 3657?
3, 23, 53
List the prime factors of 22607.
13, 37, 47
What are the prime factors of 6796?
2, 1699
List the prime factors of 40058.
2, 20029
List the prime factors of 1074.
2, 3, 179
List the prime factors of 672.
2, 3, 7
List the prime factors of 7874.
2, 31, 127
What are the prime factors of 81386?
2, 40693
What are the prime factors of 2702?
2, 7, 193
List the prime factors of 1474.
2, 11, 67
What are the prime factors of 1127?
7, 23
List the prime factors of 21457.
43, 499
List the prime factors of 38081.
113, 337
What are the prime factors of 1101?
3, 367
List the prime factors of 2867.
47, 61
What are the prime factors of 273?
3, 7, 13
What are the prime factors of 3676?
2, 919
What are the prime factors of 1572?
2, 3, 131
What are the prime factors of 51101?
137, 373
List the prime factors of 19810.
2, 5, 7, 283
List the prime factors of 6274.
2, 3137
What are the prime factors of 5282?
2, 19, 139
What are the prime factors of 11907?
3, 7
What are the prime factors of 3489?
3, 1163
List the prime factors of 1810.
2, 5, 181
What are the prime factors of 547?
547
List the prime factors of 44073.
3, 59, 83
What are the prime factors of 824?
2, 103
List the prime factors of 493.
17, 29
List the prime factors of 6666.
2, 3, 11, 101
What are the prime factors of 2764?
2, 691
List the prime factors of 1007.
19, 53
What are the prime factors of 1956?
2, 3, 163
What are the prime factors of 1455?
3, 5, 97
What are the prime factors of 2835?
3, 5, 7
What are the prime factors of 40350?
2, 3, 5, 269
What are the prime factors of 148706?
2, 74353
List the prime factors of 558.
2, 3, 31
What are the prime factors of 3515?
5, 19, 37
What are the prime factors of 9656?
2, 17, 71
What are the prime factors of 767?
13, 59
What are the prime factors of 125045?
5, 89, 281
List the prime factors of 96125.
5, 769
List the prime factors of 1733.
1733
List the prime factors of 16665.
3, 5, 11, 101
What are the prime factors of 719?
719
List the prime factors of 667.
23, 29
List the prime factors of 29639.
107, 277
What are the prime factors of 53031?
3, 11, 1607
What are the prime factors of 8800?
2, 5, 11
What are the prime factors of 3498?
2, 3, 11, 53
List the prime factors of 21114.
2, 3, 17, 23
List the prime factors of 3122.
2, 7, 223
What are the prime factors of 22593?
3, 17, 443
What are the prime factors of 1009?
1009
List the prime factors of 88925.
5, 3557
List the prime factors of 92305.
5, 18461
List the prime factors of 54810.
2, 3, 5, 7, 29
What are the prime factors of 2217?
3, 739
List the prime factors of 1638.
2, 3, 7, 13
What are the prime factors of 35587?
19, 1873
What are the prime factors of 983?
983
List the prime factors of 60733.
60733
What are the prime factors of 16827?
3, 71, 79
List the prime factors of 20362.
2, 10181
What are the prime factors of 2126?
2, 1063
What are the prime factors of 21500?
2, 5, 43
List the prime factors of 54040.
2, 5, 7, 193
List the prime factors of 29313.
3, 3257
List the prime factors of 11979.
3, 11
List the prime factors of 793.
13, 61
List the prime factors of 250.
2, 5
List the prime factors of 52.
2, 13
What are the prime factors of 170?
2, 5, 17
List the prime factors of 119.
7, 17
What are the prime factors of 30721?
31, 991
List the prime factors of 7528.
2, 941
